he remainder when 173 is divided by 47?
32
Calculate the remainder when 101 is divided by 28.
17
Calculate the remainder when 5442 is divided by 187.
19
What is the remainder when 13519 is divided by 13?
12
Calculate the remainder when 100 is divided by 31.
7
What is the remainder when 2811 is divided by 40?
11
What is the remainder when 982 is divided by 6?
4
Calculate the remainder when 194 is divided by 79.
36
Calculate the remainder when 4776 is divided by 1590.
6
What is the remainder when 173 is divided by 33?
8
Calculate the remainder when 223 is divided by 28.
27
What is the remainder when 474 is divided by 17?
15
What is the remainder when 1516 is divided by 245?
46
Calculate the remainder when 62 is divided by 49.
13
What is the remainder when 2309 is divided by 80?
69
What is the remainder when 10199 is divided by 12?
11
Calculate the remainder when 1496 is divided by 14.
12
What is the remainder when 146 is divided by 21?
20
What is the remainder when 237 is divided by 12?
9
Calculate the remainder when 325 is divided by 11.
6
What is the remainder when 264 is divided by 7?
5
Calculate the remainder when 557 is divided by 65.
37
What is the remainder when 313 is divided by 7?
5
What is the remainder when 238 is divided by 86?
66
What is the remainder when 750 is divided by 160?
110
Calculate the remainder when 51 is divided by 6.
3
What is the remainder when 125 is divided by 17?
6
Calculate the remainder when 1421 is divided by 282.
11
Calculate the remainder when 34 is divided by 6.
4
Calculate the remainder when 151 is divided by 9.
7
What is the remainder when 275 is divided by 28?
23
Calculate the remainder when 297 is divided by 23.
21
Calculate the remainder when 111 is divided by 40.
31
What is the remainder when 1343 is divided by 14?
13
What is the remainder when 329 is divided by 89?
62
What is the remainder when 470 is divided by 237?
233
What is the remainder when 103 is divided by 75?
28
What is the remainder when 2614 is divided by 856?
46
What is the remainder when 752 is divided by 11?
4
What is the remainder when 1348 is divided by 83?
20
What is the remainder when 4170 is divided by 28?
26
Calculate the remainder when 8225 is divided by 39.
35
What is the remainder when 416 is divided by 68?
8
Calculate the remainder when 188 is divided by 13.
6
Calculate the remainder when 136 is divided by 32.
8
Calculate the remainder when 158 is divided by 57.
44
What is the remainder when 491 is divided by 240?
11
Calculate the remainder when 11701 is divided by 152.
149
Calculate the remainder when 7838 is divided by 30.
8
What is the remainder when 1522 is divided by 56?
10
What is the remainder when 19001 is divided by 86?
81
Calculate the remainder when 582 is divided by 35.
22
What is the remainder when 599 is divided by 76?
67
What is the remainder when 318 is divided by 11?
10
What is the remainder when 363 is divided by 34?
23
What is the remainder when 665 is divided by 70?
35
Calculate the remainder when 63 is divided by 19.
6
Calculate the remainder when 6799 is divided by 27.
22
What is the remainder when 898 is divided by 54?
34
What is the remainder when 291 is divided by 81?
48
What is the remainder when 670 is divided by 94?
12
What is the remainder when 138 is divided by 72?
66
Calculate the remainder when 61 is divided by 53.
8
Calculate the remainder when 3999 is divided by 46.
43
What is the remainder when 2487 is divided by 53?
49
What is the remainder when 394 is divided by 22?
20
Calculate the remainder when 179 is divided by 67.
45
Calculate the remainder when 80 is divided by 9.
8
Calculate the remainder when 29 is divided by 5.
4
What is the remainder when 498 is divided by 85?
73
What is the remainder when 728 is divided by 81?
80
What is the remainder when 3797 is divided by 76?
73
Calculate the remainder when 715 is divided by 174.
19
What is the remainder when 35 is divided by 31?
4
What is the remainder when 790 is divided by 262?
4
What is the remainder when 151 is divided by 86?
65
Calculate the remainder when 104 is divided by 87.
17
Calculate the remainder when 609 is divided by 294.
21
What is the remainder when 300 is divided by 108?
84
Calculate the remainder when 3867 is divided by 129.
126
Calculate the remainder when 1131 is divided by 66.
9
Calculate the remainder when 1492 is divided by 34.
30
Calculate the remainder when 1332 is divided by 7.
2
What is the remainder when 401 is divided by 144?
113
What is the remainder when 48 is divided by 26?
22
What is the remainder when 11616 is divided by 157?
155
What is the remainder when 34 is divided by 12?
10
What is the remainder when 92 is divided by 5?
2
What is the remainder when 467 is divided by 313?
154
What is the remainder when 297 is divided by 139?
19
Calculate the remainder when 9 is divided by 4.
1
What is the remainder when 262 is divided by 45?
37
Calculate the remainder when 104 is divided by 36.
32
Calculate the remainder when 353 is divided by 76.
49
Calculate the remainder when 799 is divided by 385.
29
What is the remainder when 129 is divided by 111?
18
What is the remainder when 2167 is divided by 10?
7
What is the remainder when 2613 is divided by 49?
16
Calculate the remainder when 975 is divided by 321.
12
What is the remainder when 19347 is divided by 9669?
9
What is the remainder when 24681 is divided by 41?
40
Calculate the remainder when 423 is divided by 61.
57
What is the remainder when 947 is divided by 50?
47
Calculate the remainder when 3346 is divided by 67.
63
Calculate the remainder when 277 is divided by 236.
41
Calculate the remainder when 2477 is divided by 10.
7
What is the remainder when 1177 is divided by 3?
1
What is the remainder when 137 is divided by 76?
61
Calculate the remainder when 987 is divided by 33.
30
What is the remainder when 30377 is divided by 249?
248
Calculate the remainder when 1805 is divided by 19.
0
What is the remainder when 5043 is divided by 87?
84
Calculate the remainder when 1015 is divided by 9.
7
What is the remainder when 5164 is divided by 34?
30
What is the remainder when 522 is divided by 44?
38
Calculate the remainder when 105 is divided by 7.
0
Calculate the remainder when 537 is divided by 3.
0
Calculate the remainder when 74 is divided by 53.
21
What is the remainder when 2069 is divided by 7?
4
Calculate the remainder when 3726 is divided by 113.
110
Calculate the remainder when 1355 is divided by 42.
11
What is the remainder when 445 is divided by 422?
23
What is the remainder when 298 is divided by 75?
73
Calculate the remainder when 126 is divided by 11.
5
What is the remainder when 109 is divided by 22?
21
What is the remainder when 493 is divided by 11?
9
Calculate the remainder when 4355 is divided by 118.
107
Calculate the remainder when 217 is divided by 22.
19
Calculate the remainder when 373 is divided by 169.
35
Calculate the remainder when 299 is divided by 50.
49
Calculate the remainder when 148 is divided by 10.
8
What is the remainder when 113 is divided by 23?
21
Calculate the remainder when 1599 is divided by 123.
0
Calculate the remainder when 1086 is divided by 50.
36
Calculate the remainder when 167 is divided by 10.
7
What is the remainder when 281 is divided by 70?
1
What is the remainder when 910 is divided by 8?
6
What is the remainder when 18 is divided by 5?
3
Calculate the remainder when 4257 is divided by 15.
12
What is the remainder when 343 is divided by 46?
21
What is the remainder when 309 is divided by 21?
15
Calculate the remainder when 18558 is divided by 20.
18
Calculate the remainder when 44795 is divided by 12.
11
Calculate the remainder when 21 is divided by 1.
0
What is the remainder when 207 is divided by 192?
15
What is the remainder when 191 is divided by 32?
31
Calculate the remainder when 117 is divided by 80.
37
Calculate the remainder when 50 is divided by 17.
16
What is the remainder when 89 is divided by 26?
11
Calculate the remainder when 196 is divided by 107.
89
What is the remainder when 360 is divided by 128?
104
What is the remainder when 1714 is divided by 66?
64
Calculate the remainder when 1255 is divided by 70.
65
Calculate the remainder when 275 is divided by 3.
2
What is the remainder when 76 